 f be d(-4). Determine t(f).
-1
Suppose -3*q + 3 = 3*g, 339*q - 340*q = -3*g + 7. Let z(t) = -4*t. Let f(c) = 7*c. Let m(x) = 3*f(x) + 5*z(x). Determine m(g).
2
Let u(o) = -o**2 + 5*o - 1. Suppose 3*b = -2*y + 117, 170 = 4*y - b - 85. Suppose 0*j = -9*j + y. What is u(j)?
-15
Let j(w) = -2*w + 7. Let n(z) be the first derivative of -3*z**2/2 + 8*z - 4. Let t(k) = 7*j(k) - 6*n(k). Let g be (-7)/3*3 + 5. Give t(g).
-7
Suppose -3223*u + 6 = -3220*u. Let c(k) = 8*k + 2. Calculate c(u).
18
Let w(g) = -11*g**3 + g**2 - g. Suppose 0*p + 4 = -2*p. Let o be (42/4 - 2)*p. Let b = o - -18. What is w(b)?
-11
Let i(p) be the second derivative of -26*p + 1/12*p**4 + 13/6*p**3 + 8*p**2 + 0. What is i(-11)?
-6
Let m(r) = -r - 17. Let k be m(-11). Let u(a) = -3*a - 14. Let p be u(k). Let h(i) = 2*i - 5. Give h(p).
3
Let h(u) = -17*u - 5. Let l(w) = 4*w + 1. Let c(a) = 2*h(a) + 11*l(a). Suppose 5 = -x + 4. What is c(x)?
-9
Suppose 5*v - 13 - 7 = 0. Let r(k) = k**2 - 3*k + 9. Let j be r(v). Let t(c) = j*c**3 + 2*c + 0*c**3 + 0*c**3 - 1. Calculate t(1).
14
Let p be ((5 - 9) + 6)*-1. Let q(d) = d**2 + d - 1. Give q(p).
1
Suppose -19 = -q - 6. Let p(o) = -18*o + 35*o - q*o + 5. Calculate p(-4).
-11
Let q be -21 - (6 - 9/3). Let s be q/(-11) + 10/(-55). Let x(l) be the third derivative of -l**4/12 - l**3/3 + 2*l**2. Give x(s).
-6
Suppose 4*k + 22 = 3*s - 15, -s - 3*k + 8 = 0. Let n = 5 - s. Let y(p) = -2*p**2 + 5*p + 3*p**2 + 2 + 2. Determine y(n).
10
Let n be (-3)/15 - (-155)/25. Let p be (1 + (-8)/12)*n. Let q(w) = 4*w + p*w**2 - 5*w + w**3 - 5*w**2 - 2*w**2 + 1. Calculate q(5).
-4
Let l(n) = 14 - 16 - 74*n + 73*n. Give l(-6).
4
Let u(d) = -d**3 + 6*d**2 - 4*d + 1. Let m be u(5). Let r = m - 10. Let i(l) = -3. Let c(a) = -a + 3. Let q(g) = 3*c(g) + 4*i(g). Determine q(r).
9
Let l(i) be the third derivative of i**4/12 + i**3/3 + 6*i**2 + 9*i. Calculate l(2).
6
Let i(w) = w**2 - 5*w - 3. Let p be i(6). Suppose a - 20 = -3*a. Let z(g) = -3*g + 5*g - 6*g + a*g. What is z(p)?
3
Let c(w) = 8*w - 12. Let b be c(7). Suppose -3*a + 29 = b. Let k(d) = -10*d + 6. Let g(i) = -i + 1. Let p(r) = 8*g(r) - k(r). Determine p(a).
-8
Let s(k) = k**2 + 22*k - 1. Let b(u) = u**2 + 24*u - 2. Let j(i) = 5*b(i) - 6*s(i). What is j(-12)?
-4
Let b(h) = -5*h + 12729*h**3 + 1 + 6*h - 12735*h**3. Let y = 1 + -2. Calculate b(y).
6
Let y(q) = 2*q**2 + 9*q - 5. Let m(h) = h**3 - 9*h**2 + 19*h - 1. Let z be m(4). Give y(z).
0
Let i(w) = 3 + 5*w**2 - 4 + 2*w + w + w**3. Let a be i(-4). Let h(y) be the second derivative of -y**5/20 + y**4/3 - y**3/6 - 5*y. Calculate h(a).
6
Let c(s) = 22*s. Let f(p) = 19*p. Let y(d) = -6*c(d) + 7*f(d). Give y(-3).
-3
Suppose 0 = -23*o - 5*o - 224. Let k(m) = m**2 + 9*m + 4. Give k(o).
-4
Let a(s) = -2*s - 5. Suppose 65*y + 3 = 62*y. Let i be (y/(-2))/(1 - 27/24). What is a(i)?
3
Let a be (0 - -11) + 0 - 156/26. Let s(v) = -v**2 + 3*v + 5. What is s(a)?
-5
Let z(d) = d**3 + 10*d**2 + 2*d + 9. Let j be ((-180)/(-63))/(8/(-28)). Give z(j).
-11
Let b = 55 + 17. Let f be (0 + -1)/((-18)/b). Let l(w) = 5*w + 5*w - 4*w + f*w. What is l(1)?
10
Let g(j) = -j**2 + 9*j + 37. Let o be g(10). Let c(s) = -28*s**2 + o*s**2 - 10*s - 3 + 7. Give c(-9).
13
Let c(q) be the second derivative of -q**3/2 - 5*q**2 + 224*q. Calculate c(-6).
8
Let u = 4 - 4. Suppose u*n = 4*n. Let o(p) be the second derivative of -p**3/6 + 2*p**2 + 1027*p. Determine o(n).
4
Suppose 3*y - 4*p = 24, -5*p - 8 = y - p. Let n(d) = -1 - y*d + 1. Let t be 3 + -1 + 1 + (8 - 12). Calculate n(t).
4
Suppose -2*r = -0*m + 3*m - 2, 4*m = -4*r. Let b(t) = -624*t + 314*t + 309*t. Determine b(m).
-2
Let t(f) = -f**3 + 7*f**2 + 2*f - 15. Suppose -31*v - 19 = -236. What is t(v)?
-1
Suppose -u + 1 = -0*k + 3*k, -5*k = 4*u + 10. Let v be ((6*-1)/3)/(-2). Let j(w) = -10*w + w**3 + 5*w + w + v + 4*w**2. What is j(u)?
-4
Let w be -2*2/(-6)*(-57)/(-2). Suppose 2*y = -4*j + y + w, j + 3*y - 2 = 0. Let i(z) = -3 - z**2 + z + 6 + 4. Calculate i(j).
-13
Let y(o) = o**3 + 7*o**2 - 10*o - 7. Let a be y(-8). Let r be (40/(-12))/(6/a). Let s(x) be the first derivative of -x**3/3 - 2*x**2 - 3*x - 4. What is s(r)?
-8
Let s(r) = -5 - r**2 - r**2 + 1. Suppose 8*h - 7*h - 6 = 0. Let d(n) = 9*n**2 + 17. Let k(g) = h*d(g) + 26*s(g). Give k(-2).
6
Let q(d) = d**3 - 7*d**2 + 2*d - 3. Let m = -73 + 79. Calculate q(m).
-27
Let y = -4 - -12. Let g(i) = i**3 - 9*i**2 + 9*i - 10. Calculate g(y).
-2
Let r(t) be the first derivative of 15*t**2/2 - 6*t + 678. Determine r(-2).
-36
Suppose 0 = 5*p - 4*f - 9 + 37, -5*p - 31 = -3*f. Let g be 4 + (p - 0/3). Let b(j) = -j**2 - 5*j - 3. Calculate b(g).
1
Let a = 357 + -355. Let d(b) = 5*b - 4. Determine d(a).
6
Suppose -5*j - 5 = -4*b - 14, 0 = 3*j - 3*b - 3. Let w(n) = -n**2 - 3*n**2 - 1 - 2*n - n + j*n. Give w(1).
-3
Let z = -437 + 433. Let v(s) be the first derivative of -s**2/2 - s - 1. Let n(x) = x**2 - 8*x - 8. Let m(p) = z*v(p) + n(p). Calculate m(3).
-7
Let v(q) = 8*q**3 - 2*q - q**3 - 15*q**3 + 3*q**3 + 5 + 6*q**3 - q**2. Give v(0).
5
Let s(g) = -g**2 - 5*g + 5. Let w = 3 + 2. Let d = w + -5. Let p be (1 - 4) + (d - 3). Calculate s(p).
-1
Let s(m) = -2 + 2 + 19*m**2 - 18*m**2 - 6*m + 3*m. Let h be ((-10)/(-4))/(3/6). Determine s(h).
10
Let q(x) = -2*x**2 - 82*x - 4 + 1 + 79*x. What is q(-2)?
-5
Suppose o + 2*l = 2 - 1, 2*l + 4 = 0. Suppose o*j + f - 15 = 0, -2*j - 3*f = -4 - 2. Let w(g) = g + 1. Determine w(j).
4
Let h(x) = 2*x**3 - 2*x**2 - 3*x - 2. Let t(p) = -2*p**2 + 36*p + 37. Let s be t(19). Determine h(s).
-3
Let k(y) = y**2 + 16*y + 29. Let w be k(-15). Suppose 33*r = 35*r + w. Let o(x) = -2*x - 10. Give o(r).
4
Let w(j) = 194*j - 5*j**2 - 124 - j**3 - 194*j + 127. Suppose 3*i + 20 = -i. Let n = i - -2. Give w(n).
-15
Let t(m) be the third derivative of 5/6*m**3 + 0*m + 0 - 3*m**2 - 7/24*m**4 + 1/60*m**5. Calculate t(7).
5
Let n(v) = -1 - v - 2 + 10 + v**3 - 7 + 5*v**2. Give n(-5).
5
Let s(t) = -2*t + 8. Let f = -1378 - -1373. Calculate s(f).
18
Let q(w) = 7*w + w - 21 + 25. Let x be q(0). Let h(p) = p**3 - 2*p**2 - 3*p - 3. What is h(x)?
17
Let l(r) = r**3 + r**2 + 1. Let u(o) = 0*o**3 + o + 7*o**2 + 0*o**3 + 6*o**3 + 4. Let y(i) = 5*l(i) - u(i). Give y(-2).
3
Let v(l) = 3*l**3 - 10*l**2 + l - 2. Let x(m) be the second derivative of m**5/10 - 3*m**4/4 - 3*m**2/2 + 6*m. Let g(d) = 3*v(d) - 4*x(d). Give g(-5).
16
Let q(z) = -101*z - 59*z - 94*z + 289*z - 2. Calculate q(1).
33
Suppose 0 = -2*f - 2, 0*r + 3*r - 5*f = 20. Let v be 0/8*1/2. Let i(t) = -t**3 + 3 - 3*t + 9*t - t**2 + v + 5*t**2. Determine i(r).
8
Suppose 23 + 77 = 10*m. Let b(w) = -4*w + 27. Determine b(m).
-13
Suppose 2*s = 31*s + 9*s. Let z(a) = a**3 + a**2 - 2*a + 12. Determine z(s).
12
Let q(l) = l**2 - 6*l + 26. Let r be q(5). Let j be -4 + ((-7)/(r/(-12)) - 7). Let a(f) = -f**3 - 7*f**2 - 2*f - 9. Calculate a(j).
5
Let f(a) = -5 + 2*a - 4 + 9. Let c(u) = u - 3. Let z be c(5). Suppose -4 + 0 = -z*b. What is f(b)?
4
Let t(g) = g**3 - 8*g**2 + g - 7. Let m be t(8). Let d(y) = -m + y - y**3 + 2*y - 2*y + 7*y**2. What is d(7)?
6
Let d(i) be the second derivative of -1/12*i**4 + 0 + 5/2*i**2 + 9*i - i**3. Let h be ((-12)/(-10))/((-1)/5). Give d(h).
5
Let m(t) = -6 - t + 5*t - 2*t. Let z(n) = 43*n + 350. Let l be z(-8). What is m(l)?
6
Let j(t) = -t**3 - 4*t**2 + 5*t + 5. Let y(z) = -z**3 + 15*z**2 - 37*z + 7. Let u be y(12). Calculate j(u).
5
Let h(c) = c**2 + 10*c + 10. Suppose -o - 32 = -5*o - 5*j, 2*o - 34 = 2*j. Suppose 0 = 7*b - o + 62. What is h(b)?
-11
Let o(f) = -2*f**3 + 12*f**2 + 21*f - 67. Let c(h) = -h**3 + 6*h**2 + 11*h - 35. Let l(y) = 19*c(y) - 10*o(y). Suppose 2*r = 5*r - 18. Calculate l(r).
-1
Let g be (-2 + 12)*1/(-2). Let y be (2 - 0)/2*g. Let d(r) = 4*r**2 - r**2 + r**2 + r**3 - 1 - 5*r + 0. Calculate d(y).
-1
Let n(m) = m**2 - 9*m. Let p = 141 + -143. Let b be 14/(0 - (p + 0)). What is n(b)?
-14
Let j(h) be the first derivative of -1/3*h**3 - 2*h**2 - 12 - 2*h. Give j(-5).
-7
Let h(y) = y**2 + 2*y - 2. Let d be (8/5)/((-2)/(-15)). Suppose -d*x - 3 = -15*x. Let p be (3/(-5))/(x/5). Give h(p).
1
Suppose 2*u - 39 = -51. Let r(h) = -h - 7. What is r(u)?
-1
Let r(h) be the third derivative of h**6/120 - h**5/20 - h**4/8 + h**3/3 + 2*h**2. Let q be ((-3)/(-6) - 0)/((-3)/(-24)). Calculate r(q).
6
Let o(g) = 0 + 0 + 